- 5*b**2 + 71. Let q(z) = -6*z**3 + 6*z**2 - 70. Let x(y) = 3*q(y) + 4*u(y). List the prime factors of x(0).
2, 37
Let g be ((-3)/9)/((-1)/3)*340. Suppose -g = 5*h - 1365. List the prime factors of h.
5, 41
Let i(q) = -q**2 + 13*q - 37. Let m be i(7). Suppose -k - 291 = -m*k - 3*x, 3*x + 123 = 2*k. List the prime factors of k.
3, 23
What are the prime factors of 8525/44*(34 - 10)?
2, 3, 5, 31
Let d(b) = 2 - 4*b + 4 - 2*b**2 + 3*b**2 - 6*b. Suppose -7*r + 4*r + 30 = 0. What are the prime factors of d(r)?
2, 3
Suppose w - 2*w + 279 = -2*s, -4*s + 4*w = 548. Let m = s - -26. What are the prime factors of m/(-19) + 2/(-19)?
2, 3
Let x(b) = b**3 - b**2 + 2*b - 1. Let l be x(-2). Let j(s) = -s**2 - 19*s - 17. Let h be j(l). What are the prime factors of h + 0 + (-4)/2?
3, 5
Suppose 5*p + 3*h - 982 = 5*h, 5*h - 387 = -2*p. Suppose 5*d = -l - l + p, 5*l + 4*d - 524 = 0. What are the prime factors of l?
2, 3
List the prime factors of (-2)/(1*10/(-9915))*1.
3, 661
Let g = -1671 + 2740. List the prime factors of g.
1069
Let g = -33 + 451. List the prime factors of g.
2, 11, 19
Let v = 138 - 130. Let g = 18 - 3. Let x = g + v. List the prime factors of x.
23
Let n be (-4)/(-4 + 40/15). Suppose -3*w + 396 = -n*v + 2*v, w = 5*v + 118. What are the prime factors of w?
7, 19
Let x be 2*(2/4 + (-3852)/(-8)). List the prime factors of 2/(24/x) - 4/(-6).
3
Let g(w) = w**3 - 2*w**2 - 3*w + 4. Let p be g(3). Suppose -p*k - 7 = -199. List the prime factors of k.
2, 3
Let n = 3252 - -2147. List the prime factors of n.
5399
Suppose 4*m - c = 332, -2*m = 3*c - 113 - 53. What are the prime factors of m?
83
Suppose -5*v = 7*j - 3*j - 9010, 0 = -v + j + 1793. List the prime factors of v.
2, 29, 31
Suppose 3452*p - 3464*p = -19236. What are the prime factors of p?
7, 229
What are the prime factors of 6 + (6 - 8) - -365?
3, 41
Suppose k - 8*g = -12*g + 4184, -2*k + 2*g = -8328. List the prime factors of k.
2, 521
Let h(j) = -25*j - 3*j**3 - j**2 + 26*j - j**2 - 4. What are the prime factors of h(-3)?
2, 7
Let l(j) = 58*j**2 - 6*j + 17. Let y be l(5). Suppose y = 5*d + 2*h + 464, d - 197 = 2*h. List the prime factors of d.
3, 5, 13
Let c(q) = q**3 - 4*q**2 - 3*q - 7. Let o be c(5). Suppose -12 = -4*k + o*k. What are the prime factors of k?
2, 3
Let x = -2005 + 3486. What are the prime factors of x?
1481
Suppose -3*l - l + 32 = 0. Let d(s) = -s**3 + 8*s**2 + s + 7. Let q be d(l). Suppose 9 + q = 3*v. What are the prime factors of v?
2
Suppose 0*c + 36 = -4*h - c, -h = 4*c + 24. Let m = 150 + h. What are the prime factors of m?
2, 71
Let a be ((-84)/30)/(1/(-5)). Suppose 6*t + 1112 = a*t. What are the prime factors of t?
139
Let d = 23 - 46. Let z = -22 + 62. Let t = d + z. List the prime factors of t.
17
Suppose -3*a = -1896 - 15. What are the prime factors of a?
7, 13
Let i(k) = k**3 + 14*k**2 + 20*k + 7. What are the prime factors of i(-8)?
3, 7, 11
Let z be (-10)/((-4)/(-26)*(-12)/24). Suppose 12*g = 13*g - z. What are the prime factors of g?
2, 5, 13
What are the prime factors of (-20)/(-40) - (22122/4)/(-3)?
2, 461
Let u = 68 + 160. Let t be u/36 - 2/6. Suppose -2*c - 136 = -t*c. List the prime factors of c.
2, 17
Let n(j) = -j**2 + 12*j - 15. Let m be n(6). Suppose -y = 3*b + m, -4*y + y + b = 73. Let u = -12 - y. List the prime factors of u.
2, 3
Suppose 0 = -2*h - j + 9 + 14, -2*j = -5*h + 35. Let o = 119 - h. What are the prime factors of o?
2, 5, 11
Let x(g) = 288*g - 691. List the prime factors of x(12).
5, 7, 79
List the prime factors of 3968 - 1 - (13 - 10).
2, 991
Let q be 71 + 0/(3 - 1). Suppose -w + 2*x = 6*x - q, -x = -2. What are the prime factors of w?
3, 7
Let l(y) be the second derivative of 4*y**3 - 3*y**2/2 - 132*y. Suppose -4*u = -3*m + m + 12, 16 = 3*m - 5*u. What are the prime factors of l(m)?
3, 5
Suppose 5*j - 1 = -11. Let x = 2 + j. Suppose -2*h + x = -4. List the prime factors of h.
2
Suppose 0 = x - 5*w + 81 + 16, 4*x = -w - 472. What are the prime factors of (-13005)/x + (6/(-39))/1?
3, 37
Suppose -3*g = 2*s - 8 + 3, 4*g = 5*s + 22. Let p(c) be the third derivative of -c**6/40 + c**5/20 + c**4/24 - c**2. List the prime factors of p(s).
2, 17
Let b be 12/(-42)*-1*14. Let z be ((-33)/44)/((-1)/b). List the prime factors of 198/55*20/z.
2, 3
Suppose -10*g + 24 = -4*g. List the prime factors of g/8 + (-219)/(-6).
37
List the prime factors of (1903/4)/(4/16).
11, 173
Let f(i) = -99*i - 30. What are the prime factors of f(-6)?
2, 3, 47
Suppose 0 = 2*x + b - 228, 2*b = 4*x + x - 561. Let h = 175 - 94. Let j = x - h. What are the prime factors of j?
2
Let g(i) be the third derivative of -i**7/5040 + i**6/15 - 7*i**5/60 + 2*i**2. Let u(f) be the third derivative of g(f). List the prime factors of u(0).
2, 3
Let n = 31 - -2957. Suppose -12*c - 6*c = -n. What are the prime factors of c?
2, 83
What are the prime factors of (-1116)/8*(-2)/3 - -4?
97
Suppose 120*d - 1700 = 116*d. List the prime factors of d.
5, 17
Let q(x) be the first derivative of 61*x**3 + 9*x**2/2 + 8*x + 44. What are the prime factors of q(-1)?
2, 7, 13
Suppose -275 + 39 = -4*s. Suppose 60*x - s*x = 36. What are the prime factors of x?
2, 3
Suppose -n - 4*x = 4*n - 740, 0 = -4*x. Let r = -98 + n. List the prime factors of 6/10 + 1470/r.
2, 3, 5
Let z = -9 + 13. Suppose 0*h = -f + 4*h - 16, -5*h = 3*f - 20. Suppose f*t - z*t = -48. List the prime factors of t.
2, 3
Suppose -3*z + 1947 - 318 = 0. What are the prime factors of z?
3, 181
Suppose 3*o + 5*s - 2*s = 0, -3*o + 2*s = -10. Let z be (-12 + 4)*(-1)/o. List the prime factors of 306/12 + 2/z.
2, 13
Suppose 3*r + 1821 + 2740 = 5*u, 3*u + 3*r - 2751 = 0. What are the prime factors of u?
2, 457
Let j = 110 + -167. Let y = 123 + j. What are the prime factors of y?
2, 3, 11
Suppose 6*r + 207 + 45 = 0. What are the prime factors of 2/(-3) + (-994)/r?
23
Let t(s) = 19*s**2 + 21*s - 72. What are the prime factors of t(5)?
2, 127
Let p = 16 + -18. Let y be (-2)/(-3*p/(-9)). Suppose 0 = y*v - 59 - 64. What are the prime factors of v?
41
Let g be (-3)/9*0 - 3*-1. Suppose 2*k = 0, 0 = 5*c + k - 12 + 2. Suppose -c*y = g*y - 65. List the prime factors of y.
13
Let k = 1047 - 51. What are the prime factors of k?
2, 3, 83
Let q(n) be the third derivative of n**6/360 - 5*n**3/6 + 8*n**2. Let b(j) be the first derivative of q(j). List the prime factors of b(2).
2
Let f(y) = y**2 + 4*y + 383. List the prime factors of f(0).
383
Let b = 518 - 338. Let h = -111 + b. What are the prime factors of h?
3, 23
Let u = -86 - -75. Suppose 2*m + 0*m = -46. Let i = u - m. What are the prime factors of i?
2, 3
Let a be (-16)/3 - (-10)/30. Let r(u) = -u**3 - 4*u**2 - 6*u + 10. What are the prime factors of r(a)?
5, 13
Let i(o) = o - 20. Let f be i(24). List the prime factors of (0 + 64/6)/(f/24).
2
Suppose 0 = 3*z + 3*v - 15 - 15, 4*v = -5*z + 55. Suppose z = -n - 7. What are the prime factors of 4*2*n/(-4)?
2, 11
Suppose 5*b = -20, -5*m + 0*m + 61 = -4*b. Suppose 5*i - m = 4*i. Suppose -i - 1 = 5*k, -5*q + 286 = 2*k. List the prime factors of q.
2, 29
Suppose -2464 = -7*j + 10332. What are the prime factors of j?
2, 457
Let i(l) = 5*l**2 - 11*l + 23. Let k be i(10). Suppose -3*r = 4*f - k - 72, 0 = -r + 4*f + 135. What are the prime factors of r?
5, 31
Let x be -3 + 2 + 8 - 4. Suppose 0 = -5*q - 0*q + 2*i + 139, -q + x*i + 20 = 0. List the prime factors of q.
29
Suppose -2*d = 5*d + 539. Let u = -39 - d. What are the prime factors of u?
2, 19
Suppose -12*z + 560 = -8*z. Suppose -z = -4*i - 0*i. What are the prime factors of i?
5, 7
Let s be ((-92)/(-8))/((-2)/(-20)). Suppose 6*r - 11*r = -s. What are the prime factors of r?
23
Let t(i) be the second derivative of i**4/12 + i**3 + 6*i**2 + 2*i. What are the prime factors of t(-8)?
2, 7
Suppose -3*q + 10 = 190. Let o = 137 + q. What are the prime factors of o?
7, 11
Let b(s) = s**2 + 5*s - 3. Let x be b(-6). Suppose -r + 11 = -x. What are the prime factors of r?
2, 7
Suppose -5*d + 730 = -13*w + 8*w, 5*d + 2*w = 758. What are the prime factors of d?
2, 3, 5
Let w = 1101 + -695. List the prime factors of w.
2, 7, 29
Suppose 2*i + 3*i = -2*m + 1003, -4*i - 1012 = -2*m. List the prime factors of m.
2, 3, 7
Let f(l) = 33*l - 195. What are the prime factors of f(37)?
2, 3, 19
Let b = 16 + -11. Suppose 0 = -b*j - 20,